 the remainder when 65 is divided by u?
31
Suppose v = -2*v + 57. Let z(u) = -u**3 + 10*u**2 + 62*u - 31. Calculate the remainder when z(14) is divided by v.
15
Let h be (-9 - -4)*(-4)/(-5). Let z = h + -46. Let d = 3 - z. Calculate the remainder when d is divided by 28.
25
Calculate the remainder when 82 is divided by (-42)/91 + 4816/182.
4
Let j = 3 - -9. What is the remainder when 62 is divided by (-37)/(-4) + -2 + 21/j?
8
Let z(t) = -7*t + 6. Suppose -4*r = -2*i - 982, -471 - 794 = -5*r + 10*i. What is the remainder when r is divided by z(-5)?
38
Let p = -172 - -84. Let k = p - -95. Suppose 2*u - u = 11. What is the remainder when u is divided by k?
4
Suppose 13*q = 12*q. Suppose 2*r - 3*r + s + 16 = q, 5*r - 50 = -5*s. What is the remainder when 46 is divided by r?
7
Let c = -14 - -32. What is the remainder when ((-11)/22)/((-1)/134) is divided by c?
13
Suppose 635 = -p + 6*p. Calculate the remainder when p is divided by 45.
37
Calculate the remainder when 14/18 - 46/(-207) - -64 is divided by 19.
8
Let u(c) = -97*c - 344. Suppose 35 - 11 = w. What is the remainder when u(-5) is divided by w?
21
Let a(q) = -26*q - 191. Calculate the remainder when 1028 is divided by a(-13).
146
Let o = 57 - 55. Suppose c + n - 11 = -o, -5*c + 3*n + 53 = 0. Calculate the remainder when 44 is divided by c.
4
Suppose 0 = -5*i + 3*d + 2431 - 676, -702 = -2*i - 4*d. Calculate the remainder when i is divided by 32.
31
Let z = 45 + 167. Calculate the remainder when z is divided by 12.
8
Suppose -1878 + 14058 = 30*q. Calculate the remainder when q is divided by 24.
22
Calculate the remainder when 110 is divided by (-516)/(-60) + 8/20.
2
Suppose -2*o + 16 + 200 = -2*f, 328 = 3*o - 5*f. Calculate the remainder when o is divided by 18.
16
Suppose -6*g + 114 = 2*d, -3*d + 4*g = -4*d + 59. What is the remainder when 100 is divided by d?
49
Calculate the remainder when ((-49)/3 + -2)/(13/(-39)) is divided by 8.
7
Let l = -122 - -111. Let j(s) = -s**3 - 11*s**2 - 6*s + 22. Calculate the remainder when j(l) is divided by 18.
16
Suppose -2*v = -3*u - 299, 4*v = -v - u + 773. Suppose 3*a + 4*a = v. Suppose 5*b - 119 = 86. What is the remainder when b is divided by a?
19
Suppose -103 = 12*a - 271. What is the remainder when 278 is divided by a?
12
Suppose 3*h + 2*b = -h + 180, 2*h + 3*b - 86 = 0. What is the remainder when 75 is divided by h?
29
Let v(d) = d**2 - 15*d + 18. Let h be v(14). Suppose 0 = 5*t + 35 + 20. Let k = h - t. What is the remainder when 29 is divided by k?
14
Suppose 0 = -7*x + 296 + 348. What is the remainder when 272 is divided by x?
88
Suppose m + u - 2 = 4*u, u + 19 = 4*m. Suppose m*c = 20, 2*f - 72 = 3*c + c. Let l(j) = 28*j - 355. What is the remainder when f is divided by l(13)?
8
Suppose 0 = -u - 3, -199 = 4*i - 2*u - 845. Suppose 2*t + 3*h - 64 = 0, 0 = -5*t + t + 2*h + i. Calculate the remainder when 302 is divided by t.
36
Let i(k) = 3 + k**2 - 4 - 4 + 6*k - 2*k**2. What is the remainder when 4 is divided by i(3)?
0
Let l be 166/2 - (11 - 14). What is the remainder when (1 - 2) + l + 3 is divided by 30?
28
Let j = -518 - -732. Calculate the remainder when j is divided by 22.
16
What is the remainder when (-9)/(3/2 - (2 - -1)) is divided by -1 + 2/1 - -2?
0
Let f = 58 - 55. Calculate the remainder when (2 + -101 + -3)/(f + -5) is divided by 14.
9
Let z = -956 - -1593. Calculate the remainder when z is divided by 58.
57
Suppose -313 - 2452 = -35*m. What is the remainder when m is divided by 28?
23
Let w(o) = -14*o - 64. Calculate the remainder when 89 is divided by w(-5).
5
Suppose -5*z = c - 311, 8*c - 79 = -z + 12*c. Calculate the remainder when z is divided by 38.
25
Let m(y) = -y**2 - 12*y - 2. Let d be m(-8). Let c = -16 + d. Suppose 0*t + t = c. What is the remainder when 55 is divided by t?
13
Let x(k) be the second derivative of 0 - 7*k - 5/2*k**2 - 7/12*k**4 + 4/3*k**3 + 1/20*k**5. Calculate the remainder when 18 is divided by x(6).
4
Let h(f) = 5*f**3 + 10*f**2 + 12*f - 4. Let g(l) = -9*l**3 - 20*l**2 - 23*l + 7. Let m(u) = -4*g(u) - 7*h(u). What is the remainder when 34 is divided by m(-9)?
7
Let g = 4 + -3. Suppose -24 = -30*z + 33*z. What is the remainder when 46 is divided by z*(-3 - (g - 2))?
14
Suppose 6*v = 35*v - 1450. What is the remainder when v is divided by 26?
24
Let j(l) = 1 - 8*l + 23*l**2 - 2*l + 11*l + 10. What is the remainder when j(-3) is divided by 24?
23
Suppose -3*w = -a + 53, -3*a - w + 209 = -0*w. What is the remainder when 314 is divided by a?
42
Let b = 100 + -5. Let d(v) be the third derivative of -v**4/24 + 7*v**3/3 + 4*v**2. Calculate the remainder when b is divided by d(-18).
31
Calculate the remainder when 170 is divided by 3 + (52 - ((0 - 8) + 6)).
56
Suppose 5*i + 5*c = -15, 0 = 2*i + c + 2*c + 5. Calculate the remainder when -3 + (-105)/(1 + i) is divided by 11.
10
Let k(a) = 8*a**2 - 115*a + 80. Let s = 23 - 13. What is the remainder when k(14) is divided by s?
8
Let t(y) = -y**2 - 5*y + 4. Let k be t(-5). Suppose s = 2, k*f - 3*s - 85 = 85. Let p = 28 + -13. What is the remainder when f is divided by p?
14
Suppose s - 5*s + 4*i + 540 = 0, 5*s - 2*i - 684 = 0. What is the remainder when s is divided by 15?
3
Calculate the remainder when (-303)/(-2)*(-128)/(-48) is divided by 27.
26
Suppose -6*m = l - 8*m - 250, -2*l - 2*m + 470 = 0. Calculate the remainder when l is divided by 64.
48
Suppose 3*v - 4*v - 16 = -3*t, 0 = -2*t + 4*v - 6. Suppose 0 = t*d + 15 - 1. What is the remainder when (5/(-10))/(d/28) is divided by 3?
1
Suppose 2*h = -0*h. Suppose 0 = 2*m + 5*t - 176, 0 = 5*m - h*t + 4*t - 440. Suppose 17*b + 150 = 22*b. What is the remainder when m is divided by b?
28
Suppose -18 = -3*k + 21. What is the remainder when 1740/72 + 2/(-12) is divided by k?
11
Let w = 55 + -35. Suppose -5*t + 3*j = -670, -27*t + 22*t - j = -690. Calculate the remainder when t is divided by w.
17
Let j(h) = -7*h + 11. Calculate the remainder when j(-9) is divided by 8/(-3)*(-7 + (-66)/24).
22
Suppose -5*g - 3*c + 146 = 0, 7*c = 4*g + 2*c - 139. Calculate the remainder when 56 is divided by g.
25
What is the remainder when 111 is divided by (-70 - -66) + 5/(10/36)?
13
Calculate the remainder when 23 is divided by ((-3)/(-2))/((-58)/(-116)).
2
Let m(z) = -z**3 - 13*z**2 + 11*z - 9. Let f be m(-14). Suppose 5*y = f + 2. What is the remainder when 1/3 - (-38)/3 is divided by y?
6
Let m(v) = 4 + 4 - 3 + v. Suppose 12*o - 1409 = -1013. Calculate the remainder when o is divided by m(4).
6
Let f(i) = 53*i - 109. Calculate the remainder when f(4) is divided by 63.
40
Calculate the remainder when 41 is divided by (-280)/42*36/(-15).
9
Let a = -543 + 569. What is the remainder when 226 is divided by a?
18
Suppose 3*y - 402 + 159 = 0. What is the remainder when 156 is divided by y?
75
Let j = 42 + -35. Let x(w) = w**3 - 6*w**2 - 6*w - 2. Calculate the remainder when 9 is divided by x(j).
4
Suppose -2*u + p = -3*u + 145, 0 = -3*p - 6. Suppose -2*j - 35 = -u. Suppose n + i = j, 2*n + 3*i - 2*i = 117. What is the remainder when n is divided by 16?
13
Suppose 0 = 4*g + 5*u - 306, -u + 224 = 4*g - 74. What is the remainder when 146 is divided by g?
72
Let l(i) = -2*i**2 - 19*i - 28. Let s be l(-8). What is the remainder when s/(-14) - 2250/(-63) is divided by 13?
10
Let m be (-630)/81 + (-4)/18. Let g = m + 13. What is the remainder when 23 is divided by 30/12*16/g?
7
Suppose -4*c + 2*u = -78, -2*u + 45 = 2*c - u. Calculate the remainder when 272 is divided by c.
20
Let q = 977 + -917. Calculate the remainder when q is divided by 1/(-4) - (-250)/8.
29
Let q = -69 + 112. Let c(f) = 2*f**2 + 2*f + 1. Let h be c(4). Let p = h + -26. What is the remainder when q is divided by p?
13
Let d = 1176 - 1117. Calculate the remainder when d is divided by 17.
8
Suppose 2*t - 46 = -0*t. Calculate the remainder when 11/(-2)*(-37 + t) is divided by 20.
17
Let i(x) = -x - 2. Let g be i(-6). Suppose -g*q + 0 = -8. Let t = 17 + -11. What is the remainder when t is divided by q?
0
Let o = -278 - -335. What is the remainder when o is divided by 25?
7
Let n be -1*(-2 - -7)*(-4)/(-5). Let w(z) = -z**2 - 11*z - 9. Calculate the remainder when 113 is divided by w(n).
18
Suppose -3*r + 73 = l, 4*r - 78 = 4*l - 2. Calculate the remainder when (-149 - -153)*